undred thousands digit of 6654860?
6
What is the hundred thousands digit of 308127?
3
What is the ten millions digit of 29388625?
2
What is the hundreds digit of 140657?
6
What is the hundreds digit of 2448516?
5
What is the thousands digit of 4877623?
7
What is the hundred thousands digit of 3277489?
2
What is the thousands digit of 19350226?
0
What is the tens digit of 11756252?
5
What is the ten thousands digit of 562516?
6
What is the hundred thousands digit of 12003435?
0
What is the hundred thousands digit of 816228?
8
What is the hundreds digit of 381517?
5
What is the hundred thousands digit of 407029?
4
What is the hundred thousands digit of 259889?
2
What is the thousands digit of 277410?
7
What is the tens digit of 11114137?
3
What is the ten thousands digit of 1344676?
4
What is the hundred thousands digit of 1372003?
3
What is the thousands digit of 434571?
4
What is the hundred thousands digit of 2583233?
5
What is the thousands digit of 2300566?
0
What is the hundreds digit of 223361?
3
What is the units digit of 1247545?
5
What is the hundreds digit of 5507673?
6
What is the tens digit of 2655526?
2
What is the thousands digit of 1297986?
7
What is the thousands digit of 5788260?
8
What is the millions digit of 10155511?
0
What is the units digit of 19842741?
1
What is the hundreds digit of 4135937?
9
What is the ten thousands digit of 840148?
4
What is the tens digit of 330876?
7
What is the ten thousands digit of 79995?
7
What is the ten thousands digit of 16578650?
7
What is the units digit of 86862?
2
What is the hundred thousands digit of 279655?
2
What is the tens digit of 4862397?
9
What is the ten thousands digit of 1205868?
0
What is the tens digit of 523413?
1
What is the hundred thousands digit of 444105?
4
What is the ten thousands digit of 482260?
8
What is the hundred thousands digit of 8086217?
0
What is the hundred thousands digit of 160588?
1
What is the ten thousands digit of 338127?
3
What is the tens digit of 247898?
9
What is the millions digit of 7229945?
7
What is the ten thousands digit of 77426?
7
What is the ten thousands digit of 3407525?
0
What is the hundred thousands digit of 3878416?
8
What is the thousands digit of 2320034?
0
What is the hundred thousands digit of 2270950?
2
What is the thousands digit of 450682?
0
What is the ten thousands digit of 472254?
7
What is the thousands digit of 39727?
9
What is the hundreds digit of 3038593?
5
What is the units digit of 616394?
4
What is the ten millions digit of 16269807?
1
What is the millions digit of 3307033?
3
What is the units digit of 403327?
7
What is the units digit of 3934071?
1
What is the ten millions digit of 24301676?
2
What is the tens digit of 1141257?
5
What is the hundreds digit of 6400266?
2
What is the units digit of 690052?
2
What is the tens digit of 7243949?
4
What is the hundreds digit of 320275?
2
What is the units digit of 656955?
5
What is the ten thousands digit of 1120285?
2
What is the tens digit of 108654?
5
What is the tens digit of 1658524?
2
What is the units digit of 37694?
4
What is the hundreds digit of 158664?
6
What is the millions digit of 1650845?
1
What is the units digit of 46361?
1
What is the units digit of 264805?
5
What is the hundred thousands digit of 395689?
3
What is the ten thousands digit of 230773?
3
What is the tens digit of 642593?
9
What is the units digit of 463141?
1
What is the thousands digit of 2221140?
1
What is the units digit of 237826?
6
What is the ten thousands digit of 4294896?
9
What is the ten thousands digit of 6194511?
9
What is the hundreds digit of 1456878?
8
What is the ten thousands digit of 5809485?
0
What is the millions digit of 12549513?
2
What is the hundred thousands digit of 464050?
4
What is the units digit of 2710171?
1
What is the units digit of 2283121?
1
What is the ten thousands digit of 302203?
0
What is the units digit of 191085?
5
What is the thousands digit of 27596468?
6
What is the hundred thousands digit of 895186?
8
What is the millions digit of 1525328?
1
What is the tens digit of 79741?
4
What is the tens digit of 6051719?
1
What is the tens digit of 441703?
0
What is the units digit of 776850?
0
What is the units digit of 365838?
8
What is the thousands digit of 42851?
2
What is the hundreds digit of 25302087?
0
What is the hundreds digit of 120181?
1
What is the tens digit of 15917886?
8
What is the thousands digit of 940568?
0
What is the units digit of 2497887?
7
What is the ten millions digit of 29967315?
2
What is the hundred thousands digit of 23908409?
9
What is the hundred thousands digit of 2764575?
7
What is the millions digit of 10605569?
0
What is the units digit of 32519462?
2
What is the thousands digit of 24695?
4
What is the tens digit of 1431104?
0
What is the hundreds digit of 441240?
2
What is the units digit of 87913?
3
What is the hundred thousands digit of 14049581?
0
What is the hundreds digit of 973280?
2
What is the tens digit of 965152?
5
What is the hundred thousands digit of 5169428?
1
What is the ten thousands digit of 7483190?
8
What is the units digit of 3754181?
1
What is the tens digit of 1985869?
6
What is the hundred thousands digit of 7815824?
8
What is the thousands digit of 1138831?
8
What is the millions digit of 2719540?
2
What is the millions digit of 1689455?
1
What is the ten thousands digit of 1377549?
7
What is the thousands digit of 99430?
9
What is the ten thousands digit of 1897962?
9
What is the ten thousands digit of 4415177?
1
What is the thousands digit of 183218?
3
What is the hundred thousands digit of 379938?
3
What is the thousands digit of 983368?
3
What is the hundreds digit of 323157?
1
What is the ten thousands digit of 959919?
5
What is the hundreds digit of 7065421?
4
What is the units digit of 196190?
0
What is the ten thousands digit of 2238418?
3
What is the hundreds digit of 276193?
1
What is the hundreds digit of 33645596?
5
What is the units digit of 9837093?
3
What is the tens digit of 881708?
0
What is the ten millions digit of 17905074?
1
What is the millions digit of 8598297?
8
What is the ten thousands digit of 559539?
5
What is the ten thousands digit of 1817513?
1
What is the thousands digit of 1740179?
0
What is the ten thousands digit of 205686?
0
What is the units digit of 698422?
2
What is the hundred thousands digit of 2808858?
8
What is the tens digit of 3631373?
7
What is the ten thousands digit of 71401?
7
What is the ten thousands digit of 331330?
3
What is the hundred thousands digit of 26860880?
8
What is the thousands digit of 36657774?
7
What is the ten thousands digit of 149034?
4
What is the ten thousands digit of 825994?
2
What is the units digit of 11963570?
0
What is the ten thousands digit of 354190?
5
What is the thousands digit of 75137?
5
What is the hundreds digit of 116302?
3
What is the hundred thousands digit of 9782653?
7
What is the thousands digit of 1368935?
8
What is the hundred thousands digit of 2674847?
6
What is the units digit of 4657633?
3
What is the units digit of 293585?
5
What is the hundred thousands digit of 121159?
1
What is the tens digit of 1563309?
0
What is the tens digit of 2665172?
7
What is the ten thousands digit of 2624193?
2
What is the hundreds digit of 1469802?
8
What is the units digit of 443663?
3
What is the units digit of 6922252?
2
What is the hundreds digit of 294167?
1
What is the ten thousands digit of 1128443?
2
What is the ten thousands digit of 3617835?
1
What is the thousands digit of 13386070?
6
What is the units digit of 522765?
5
What is the hundred thousands digit of 1510609?
5
What is the ten thousands digit of 1436049?
3
What is the hundreds digit of 6307292?
2
What is the units digit of 159890?
0
What is the hundreds digit of 731590?
5
What is the millions digit of 1433553?
1
What is the ten thousands digit of 5091147?
9
What is the thousands digit of 11676774?
6
What is the hundreds digit of 1805242?
2
What is the thousands digit of 1353969?
3
What is the millions digit of 1610195?
1
What is the hundred thousands digit of 5171515?
1
What is the ten millions digit of 15147672?
1
What is the ten thousands digit of 1759973?
5
What is the units digit of 1572326?
6
What is the ten thousands digit of 1616